{"id":154,"date":"2014-12-15T17:43:01","date_gmt":"2014-12-15T15:43:01","guid":{"rendered":"http:\/\/pauder.de\/?page_id=154"},"modified":"2022-04-28T10:40:45","modified_gmt":"2022-04-28T08:40:45","slug":"lebenslauf","status":"publish","type":"page","link":"https:\/\/pauder.de\/?page_id=154","title":{"rendered":"Lebenslauf"},"content":{"rendered":"<p>&#8211; geboren 1973 in Bremen, Kindheit und Schulzeit in Osterholz-Scharmbeck begleitet von Rauhaardackel Baldur<br \/>\n&#8211; ab 1992 Studium Bibliothekswesen und Jobs im Archiv- und Medienbereich in Hamburg, unter anderem bei Radio Hamburg und Gruner &amp; Jahr.<br \/>\n&#8211; ab 1999 eigene Bildagentur &#8222;Pauder Pictures&#8220; in Wedel, parallel die Tierheilpraktikerausbildung in Hamburg, die Arbeit beim Cora Tierschutz und die Pflegehunde<br \/>\n&#8211; von 2000 bis 2012 war Terriermix Charly mein bester Lehrer<br \/>\n&#8211; 2003 Geburt von Tochter Lilia<br \/>\n&#8211; ab 2004 Tierheilpraxis f\u00fcr Hunde in Wedel und Tierkommunikationsausbildung in Hamburg<br \/>\n&#8211; 2004 ist Hundebaby Chica zu uns gekommen und 15 Jahre an meiner Seite gewesen<br \/>\n&#8211; seit 2005 Tierheilpraxis und Tierkommunikation in Tornesch<br \/>\n&#8211; von 2006 bis 2010 war Pflegepferd Pyngo ein treuer Lehrer<br \/>\n&#8211; 2007 Geburt von Sohn Joshua<br \/>\n&#8211; seit 2009 unterrichte ich Tierkommunikation und Energiearbeit<br \/>\n&#8211; von 2010 bis 2016 begleitete mich Schulpony Naussa ein St\u00fcck des Weges, von 2013 bis 2020 mein Reitbeteiligungspferd und strenger Lehrer Musons<br \/>\n&#8211; von 2015 bis 2022 geh\u00f6rte Tierheimkater, Freigeist und Draufg\u00e4nger Ramiro zur Familie, seit 2016 unser schnelles pl\u00fcschiges Kumpel-Pony Jux und seit 2019 unsere tiefenentspannte und freundliche Labbi-Mix-H\u00fcndin Jule<\/p>\n<p>&nbsp;<\/p>\n<p>&nbsp;<\/p>\n","protected":false},"excerpt":{"rendered":"<p>&#8211; geboren 1973 in Bremen, Kindheit und Schulzeit in Osterholz-Scharmbeck begleitet von Rauhaardackel Baldur &#8211; ab 1992 Studium Bibliothekswesen und Jobs im Archiv- und Medienbereich in Hamburg, unter anderem bei Radio Hamburg und Gruner &amp; Jahr. &#8211; ab 1999 eigene Bildagentur &#8222;Pauder Pictures&#8220; in Wedel, parallel die Tierheilpraktikerausbildung in Hamburg, die Arbeit beim Cora Tierschutz [&hellip;]<\/p>\n","protected":false},"author":2,"featured_media":0,"parent":11,"menu_order":0,"comment_status":"closed","ping_status":"closed","template":"","meta":{"footnotes":""},"class_list":["post-154","page","type-page","status-publish","hentry"],"_links":{"self":[{"href":"https:\/\/pauder.de\/index.php?rest_route=\/wp\/v2\/pages\/154","targetHints":{"allow":["GET"]}}],"collection":[{"href":"https:\/\/pauder.de\/index.php?rest_route=\/wp\/v2\/pages"}],"about":[{"href":"https:\/\/pauder.de\/index.php?rest_route=\/wp\/v2\/types\/page"}],"author":[{"embeddable":true,"href":"https:\/\/pauder.de\/index.php?rest_route=\/wp\/v2\/users\/2"}],"replies":[{"embeddable":true,"href":"https:\/\/pauder.de\/index.php?rest_route=%2Fwp%2Fv2%2Fcomments&post=154"}],"version-history":[{"count":12,"href":"https:\/\/pauder.de\/index.php?rest_route=\/wp\/v2\/pages\/154\/revisions"}],"predecessor-version":[{"id":291,"href":"https:\/\/pauder.de\/index.php?rest_route=\/wp\/v2\/pages\/154\/revisions\/291"}],"up":[{"embeddable":true,"href":"https:\/\/pauder.de\/index.php?rest_route=\/wp\/v2\/pages\/11"}],"wp:attachment":[{"href":"https:\/\/pauder.de\/index.php?rest_route=%2Fwp%2Fv2%2Fmedia&parent=154"}],"curies":[{"name":"wp","href":"https:\/\/api.w.org\/{rel}","templated":true}]}}